- 37 = 0. Let f(u) = 2*u**2 - 10*u + 8. Suppose -2*v + 2 = -10. What is the remainder when f(v) is divided by j?
9
Let z(m) be the third derivative of 5*m**4/8 - 11*m**3/3 + 12*m**2. Let j(r) = -19*r - 1. Calculate the remainder when z(5) is divided by j(-1).
17
Let s = 33 - 102. Let d = 90 + s. Calculate the remainder when 37 is divided by d.
16
Let b = 80 + -40. Let m = -1606 - -1612. Calculate the remainder when b is divided by m.
4
Suppose 7 = 8*u - 33. What is the remainder when 97 is divided by u?
2
Let d(c) = -6*c + 299. What is the remainder when d(33) is divided by 50?
1
Let i = -1080 - -1117. Calculate the remainder when 132 is divided by i.
21
Let n(p) = p**2 - 25*p + 40. Let g(r) = 14*r. What is the remainder when n(25) is divided by g(1)?
12
Let g = 74 + -25. Let d(o) = -o**2 + 11*o + 4. Let f be d(12). Let b = 25 + f. Calculate the remainder when g is divided by b.
15
Suppose -5*b - 5*o + 25 = 0, 0 = -2*b + 4*o + o + 10. Calculate the remainder when b is divided by 15/4 - (-7 + (-27)/(-4)).
1
Let f = 451 - 443. Calculate the remainder when 141 is divided by f.
5
Let i = -192 - -419. Let r = -140 + i. Calculate the remainder when r is divided by 22.
21
Let b(i) = 5*i**2 + i - 4. Suppose -3*v + 6 = -24. Calculate the remainder when b(-3) is divided by v.
8
Suppose 4*a - 3*x + 149 = 5*a, 0 = 3*x - 3. Calculate the remainder when a is divided by 38.
32
What is the remainder when (-6 - (-1408)/24)/(4/6) is divided by 18?
7
Let t(w) = 3*w**2 + 4*w - 8. Let o(s) = -3*s + 16. Let p be o(4). Calculate the remainder when t(p) is divided by 16.
8
Let t(y) = -7*y**3 + 4*y**2 + 33*y + 37. Calculate the remainder when t(-4) is divided by 15.
12
Suppose -26 - 10 = -2*q. Let x = -11 - -45. Calculate the remainder when x is divided by q.
16
Let h(r) = -2*r**2 + 13*r - 3. What is the remainder when 66 is divided by h(5)?
6
Let w(u) be the second derivative of u**4/12 - 4*u**3/3 + 2*u**2 + 10*u. Let k be w(2). What is the remainder when (1*2)/(k/(-168)) is divided by 9?
6
Let u = 1026 - 411. What is the remainder when u is divided by 8?
7
Let x = -129 + 124. Calculate the remainder when 127 is divided by (-6)/x*(-880)/(-33).
31
Suppose u - 25 = -g, -5*g + 2*u + 75 = -3*u. Calculate the remainder when -3*3/9*-57 is divided by g.
17
Suppose -7*j + 134 = -146. Suppose 5*o - 335 = -j. Calculate the remainder when o is divided by 15.
14
Suppose -5*k + 206 = 2*z - 464, 4*z - 5*k - 1400 = 0. Calculate the remainder when z is divided by 46.
23
Let s(x) = -2*x**3 - 16*x**2 - 9*x - 17. Let z be s(-7). Let m = z - -83. What is the remainder when m is divided by (-2 - -4)/((-1)/(-4))?
7
Let p = -286 + 294. Let n(f) = f**2 - 2*f - 1. What is the remainder when n(6) is divided by p?
7
Suppose 5*i - 84 = -4*j - 0*i, 5*j + i - 126 = 0. Let x be (-2 + 18/15)*-70. Suppose 0*w - x = -4*w. What is the remainder when j is divided by w?
12
Suppose 21*y - 520 = -184. What is the remainder when 203 is divided by y?
11
Suppose -13*z + 15*z - 13 = -3*q, 0 = -4*q + 3*z + 6. Calculate the remainder when 16 is divided by q.
1
Let n(x) = 38*x - 2. Suppose -9*v + 77 = -31 - 9. What is the remainder when n(2) is divided by v?
9
Let a = -336 + 715. What is the remainder when a is divided by 39?
28
Let d be 2 + 11 + 0 + -2. Suppose -4*g - 4 = -4*c + 16, 3*g = c - d. Calculate the remainder when 6 is divided by c.
0
Suppose -3*b + 99 = -3*d + 24, -d = 5*b - 113. Suppose -11*h = 5*h - 1440. Calculate the remainder when h is divided by b.
21
Let i(p) = 4*p**2 - 22*p + 114. What is the remainder when i(7) is divided by 54?
48
Let t be -2*((-4)/8)/1. Suppose 0 = 2*b - 5 - t, 0 = -4*q + 4*b. What is the remainder when 7 is divided by q?
1
Let g be (-2)/(-5)*10 - -98. Suppose -n + g = -41. What is the remainder when n is divided by 29?
27
Let b = 0 - -4. Suppose -b*j - 95 = -323. Let q = j + -20. Calculate the remainder when 72 is divided by q.
35
What is the remainder when 88 is divided by (18/(-10))/(21/(-385))?
22
Let f be 38 - (4 + -5 + 0). Let t = f - 26. What is the remainder when 20 is divided by t?
7
Calculate the remainder when 25/(175/14)*146/2 is divided by 51.
44
Let f = -46 + 70. What is the remainder when 63 is divided by f?
15
What is the remainder when ((-96)/72)/((-4)/519) is divided by 44?
41
Suppose -2*k = -3 + 5. Let l = k + 5. Suppose -2*g + 3*v = -23, -25 + 9 = -g - 3*v. Calculate the remainder when g is divided by l.
1
Suppose -9*h = -26*h + 408. Calculate the remainder when h is divided by 14.
10
Let j = 306 - 264. What is the remainder when 165 is divided by j?
39
Suppose -117*y = -90*y - 216. Let s be 8/6*9/6. What is the remainder when (58/2)/(s + -1) is divided by y?
5
Suppose 0 = 4*c - 131 + 19. Suppose -6*n - c = -202. Calculate the remainder when n is divided by 8.
5
Let i be 2/2*-4 - -9. Let n(o) = 9*o - 3. What is the remainder when (2/4)/(i/290) is divided by n(2)?
14
Suppose -9*s - 3*s = -2772. Let t = -17 + s. Calculate the remainder when t is divided by 43.
42
Let p = 287 - 267. Let f(h) = -21*h - 7. What is the remainder when f(-4) is divided by p?
17
Suppose -3*n - 1 = -5*f, 0 = f - 4 - 1. Let i = 10 + -13. Let w(h) = 4*h**2 - h. What is the remainder when w(i) is divided by n?
7
Suppose -5*a + 35 = -2*s, 3*s + 0*s = -15. Suppose 3*x = -x - a*y + 29, -9 = 3*y. Calculate the remainder when 18 is divided by x.
7
Suppose -15 + 54 = p + 5*k, 5*k = -15. Calculate the remainder when p is divided by 7.
5
What is the remainder when 177 is divided by 32/((-294)/(-35) + -8)?
17
Let i be (11 - 1)/(-1 - 0). Let j = i + 12. Suppose n + 1 + 11 = 5*h, 3*h - 3*n - 12 = 0. Calculate the remainder when h is divided by j.
0
Suppose -23*b + 37 = 14*b. Suppose -4*m + 3*a + 20 = 0, 2*m + 5*a = -m - 14. What is the remainder when m is divided by b?
0
Let z be (-51)/(-2) + (-18)/(-36). Suppose -5*h + z = p - 24, -4*h = 3*p - 51. Calculate the remainder when 42 is divided by h.
6
Let w be (-1 - 3/(-3)) + 5. Let j(f) = 13*f**2 + 0 - 3*f - 4 + 2*f + w. Calculate the remainder when j(-2) is divided by 28.
27
Suppose -2*u - 2*u = -5*p - 8, 3*p + 4*u = 8. Suppose p = 3*o + 10 - 70. Calculate the remainder when 0 + 4/2 - -56 is divided by o.
18
Let j(z) = z**3 + 8*z**2 - 19*z + 14. Let q be j(-10). Suppose -3*s = -q*l + 105 + 54, 5*l + 3*s - 192 = 0. Calculate the remainder when l is divided by 9.
3
Let v(u) = u**2 - u - 8. Let g be v(4). Let x(l) = 2*l**2 - 3*l. Calculate the remainder when x(g) is divided by 7.
6
Suppose 22*v - 31*v = -4950. Calculate the remainder when v is divided by 92.
90
Suppose 210 = 18*f - 3*f. Suppose 0 = -f*l + 20*l - 132. What is the remainder when l is divided by 3?
1
Suppose -3*c + 875 = 2*s, -3*c - c = -2*s - 1162. Suppose 7*v - 1019 = -c. Calculate the remainder when v is divided by 35.
34
Suppose -4*h = -8*v + 3*v - 255, -315 = -5*h + 5*v. Let x = h - 19. Calculate the remainder when 79 is divided by x.
38
Let g(o) = o**2 - 20*o + 3. Let d be g(20). Suppose -2*r - d*p = -7 - 20, -r - 3*p = -12. What is the remainder when 39 is divided by r?
9
Let x(u) = 125*u - 1. Suppose 43*a + 180 = 23*a + 30*a. What is the remainder when x(1) is divided by a?
16
Suppose -337 = -10*c - 47. Suppose 0 = 5*l + 5, -4*j + l = 4 - 45. Calculate the remainder when c is divided by j.
9
Let n(t) = 2*t**3 - 2*t**2 - 2*t - 3. Suppose 27 = 4*i - 3*h, -4*h - 15 = -h. What is the remainder when n(i) is divided by 7*1*540/378?
7
Let a be ((-18)/(-24))/((-2)/(-24)). Suppose -b - 4 = -a. Suppose -5*i = 3*t - 253, -b*t - 2*i + 428 = -0*i. What is the remainder when t is divided by 22?
20
Let k = 240 - 118. Suppose -3*n + 89 = -2*n. Suppose n = 3*t - 0*t + b, -4*t + 112 = 3*b. Calculate the remainder when k is divided by t.
29
Suppose 4*i - w - 250 = -82, -w = 2*i - 78. What is the remainder when i is divided by 32?
9
Let m(b) = -2*b + 12. Let v be m(5). Suppose i + 1 = v*i. Let p = i - -63. Calculate the remainder when p is divided by 22.
20
Suppose 2*s = -2*s + 16. Suppose -11 = -5*w + s. Suppose 5*a - 3*q = 3*a - w, -q - 25 = -5*a. Calculate the remainder when 11 is divided by a.
5
Let r(q) = q**3 + 12*q**2 - q - 12. Let u be r(-12). Suppose u = -14*g + 15*g - 32. What is the remainder when 158 is divided by g?
30
Suppose 0 = 3*r, 4 - 14 = 5*a - r. Let v be (1 - a) + 105/(